the tens digit of o?
6
Suppose p + 5*w = 37, -2*w + 166 = -3*p + 7*p. Suppose 3*y - p = -o, 4*o - 3*y = 250 - 52. Suppose 8*b - o = 6*b. What is the tens digit of b?
2
What is the hundreds digit of ((-345)/(-207))/((-5)/(-10386))?
4
What is the tens digit of ((-1880)/(-50))/(4/170)?
9
Let w = 14 - 4. Suppose w*t - 14 + 4 = 0. What is the units digit of t?
1
Let s be ((-5)/(-2))/((-6)/(-12)). Suppose -4*r = -s*r - 2. What is the units digit of (10 - r)*92/16?
9
Suppose -h - 39 = 5*g, h - 2*g + 1 + 38 = 0. What is the hundreds digit of (-26)/h*(4/2 - -163)?
1
Let c = -211 - -1017. What is the hundreds digit of c?
8
Let m(w) be the second derivative of -w**4/12 - 11*w**3/3 - 25*w**2/2 + 7*w. What is the tens digit of m(-10)?
9
Suppose 0 = 17*b + b - 126. Suppose 0 = b*y + 2*y - 2853. What is the units digit of y?
7
Suppose -3*n + 816 = 3*q, -3*n - 465 - 94 = -2*q. What is the hundreds digit of q?
2
Let s(z) = 6*z**2 + 6*z + 20. Let d be s(-9). Let v = d + -149. What is the units digit of v?
3
Let q = 8 - -3. Suppose -5*o - q = -31. Suppose -h = -4*s - 4*h + 44, o = -2*s + 5*h. What is the units digit of s?
8
Suppose -10*k - 6 = -13*k. Let v be 65 - (0 + (-1 - 2)). Let t = v - k. What is the units digit of t?
6
Let h(m) be the first derivative of -m**3/3 + 5*m**2 + 9*m + 7. Let o be h(8). Let g = o + 15. What is the units digit of g?
0
Suppose 2*k = 3*k - 0*k. Suppose -6*o + 210 + 456 = k. What is the tens digit of o?
1
What is the thousands digit of (25*-57 + -2)*(14 + -15)?
1
Let y be 8175/20 + (-22)/8 + 2. Suppose 5*n - i - 1065 = 0, -4*n - 3*i = -1241 + y. What is the tens digit of n?
1
Let g = 2748 - 1800. What is the tens digit of g?
4
Let m = -275 + 425. What is the tens digit of m?
5
Let s = 40 - -65. What is the tens digit of s?
0
Let m be -1 - -47 - (4 - 4). What is the tens digit of m - (-3 - (-3 + -4))?
4
Let u = -4285 - -8256. What is the thousands digit of u?
3
Let g be 4*(10/(-4))/5. Let x be ((-1)/g)/(2/28). Suppose x*m - 5*m - 26 = 0. What is the tens digit of m?
1
Suppose 2*w = 2*g, 4 + 0 = 4*g - 3*w. What is the units digit of 3 + (0 - -85 - g)?
4
Let a = 184 - -17. What is the hundreds digit of a?
2
Suppose 3*o + 0*o = 4*i - 60, 3*o + 3*i = -39. Let b(c) = c**3 + 17*c**2 + 6*c - 16. What is the tens digit of b(o)?
4
Suppose -2*r = 4*j - 2772, 0*j + 1390 = 2*j + 3*r. What is the tens digit of j?
9
What is the hundreds digit of (-34236)/(-12) + -11*1?
8
Let f(r) = -6*r**3 - 15*r**2 + r - 43. What is the tens digit of f(-8)?
6
Let i = 1528 - 1004. What is the units digit of i?
4
Let z = 3413 - 1549. What is the tens digit of z?
6
Let o(a) be the second derivative of 9*a**4/4 - 2*a**3/3 - 2*a**2 + 35*a. What is the units digit of o(2)?
6
Suppose -1 = w + 2. Let m = w - -6. Suppose -4*o + m*j + 34 = 0, -3*o + j + 23 = -0*o. What is the units digit of o?
7
Suppose -n - 5*m - 15 = 0, 3*m + 4 = -n - 3. Suppose -6 = -2*c + 4*z, n = -5*c - 4*z + 20. Suppose r = c*r - 40. What is the tens digit of r?
2
Let p(r) = 79*r - 48. What is the units digit of p(5)?
7
Let h = -60 - -63. What is the tens digit of 28*h/((-6)/(-10))*1?
4
Let w(z) = -z**3 + 6*z**2 + z - 4. Let q be w(6). Suppose q*y = y + 4. Suppose y*c - 43 = -3*s, -4*s = -5*c + 2*c - 49. What is the tens digit of s?
1
Suppose -2*m - 112 = -5*s, -1 - 3 = 2*s. What is the units digit of (-4)/(-2) + 1 - m?
4
Let p(m) = 24*m + 28. Let y(x) = -11*x - 12. Let i(v) = 6*p(v) + 13*y(v). Let j = 15 + -21. What is the units digit of i(j)?
6
Suppose -3*k + 4 + 2 = 0. Suppose -k*q - 5 = 3. What is the units digit of (-3 + 14)/(q/(-8))?
2
Let m = -165 - -248. What is the tens digit of m?
8
Let u(q) be the first derivative of 9*q**4/2 - q**2/2 + 2. Let p = 184 + -183. What is the units digit of u(p)?
7
Let n(b) = -b**2 + 9*b - 12. Let p be n(8). Let x = 9 + p. Suppose -5*k - 8 = 2*v - x*v, -15 = -3*k. What is the units digit of v?
1
Suppose 0*q + 5*k = -4*q + 1824, -5*k + 1363 = 3*q. What is the hundreds digit of q?
4
Let c = -16 - -35. Let p = c - 12. What is the units digit of p?
7
Suppose 3*k + 99 = 3*l, -4*k + 3*l + 2*l = 137. Let c = k - -68. What is the units digit of c?
0
Let o(h) be the first derivative of -h**4/12 - 2*h**3 - 5*h**2/2 - 3*h + 5. Let l(g) be the first derivative of o(g). What is the units digit of l(-11)?
6
Suppose 5*m = 3*m. Suppose m = -4*n - n + 210. What is the units digit of n?
2
Suppose -54645 + 6224 = -41*r. What is the hundreds digit of r?
1
Let n = -958 + 2068. Suppose -n = -5*i + 2*w, -i + 0*w + 244 = 4*w. What is the units digit of i?
4
Suppose -6804 = -53*l + 46*l. What is the units digit of l?
2
Let x(h) = -2*h**2 + 7*h - 2. Let s be x(-8). Let o = -17 - s. What is the units digit of o?
9
Let i = 6 - -34. Suppose i = o - 71. Suppose -3*a + 114 = d, -3*a - d + o = d. What is the tens digit of a?
3
Let c be -2 - 7/(1 + -2). Suppose b + 11 = 5*d - 1, -c*d + 4 = 3*b. Suppose z + 27 = d*z. What is the tens digit of z?
2
Suppose 0 = -24*r + 21*r + 4083. What is the hundreds digit of r?
3
Let a(k) = 25*k. Let z(i) = 2576*i. Let j(o) = -207*a(o) + 2*z(o). Let q = 2 + -3. What is the tens digit of j(q)?
2
Let p(h) = 107*h**3 + h. Let n(r) = r**3 + 4*r**2 + r + 31. Let w be n(-5). What is the tens digit of p(w)?
0
Let a = 626 + 26. What is the units digit of a?
2
Suppose l + 0 = 2. Suppose 0 = -3*c - 5*y + 160, 0*c + l*y = 4*c - 196. What is the units digit of c?
0
Let c(h) = -h**2 - 10*h - 9. Let a be c(-9). Suppose a = -2*u - 12 + 4. What is the units digit of 9*u/(-36)*6?
6
Let n be 0/2 + 390*24/18. Suppose n = -3*s + 7*s. What is the units digit of s?
0
Let p(b) = -b**3 - 14*b**2 - 35*b - 18. What is the hundreds digit of p(-13)?
2
Let i(r) = -189*r - 504. What is the tens digit of i(-30)?
6
Let f = -386 + 529. What is the tens digit of f?
4
Let v(d) = d**2 + 3. Let a be v(0). Suppose f = a*o - 26, 0 = 2*o - o - 4*f - 27. What is the units digit of o?
7
Let c(w) = -w**3 + 4*w**2 + 4*w + 2. Let y be c(-2). What is the tens digit of (-84)/9*y/(-6)?
2
Let l = 976 + -278. What is the units digit of l?
8
Suppose -2*m + 109 = -z + 22, 0 = 4*m - 5*z - 165. Suppose -2*i + 4*i + 3*v = 39, 2*i + 5*v - m = 0. What is the units digit of i?
5
Let v(h) = h**3 + 13*h**2 - 16*h + 32. Let j be v(-15). Let o = j - -260. What is the units digit of o?
2
Suppose 219 = 2*a - 465. Suppose 5*o - a = -o. What is the tens digit of o?
5
Let h(g) = 2*g + 14. Let j be h(-5). What is the units digit of (0 + j - 1)*2/6?
1
Let x(n) = n**3 - 3*n**2 + 2*n - 3. Let y be x(3). Suppose -y*d = d + 12. Let t(w) = -w + 1. What is the units digit of t(d)?
4
Suppose s = 5*z + 1313, 4*z - 460 = 3*s - 1506. Let h = z + 536. What is the tens digit of h?
7
Let m(o) = 2*o**2 + 4*o. Let l be m(-2). Suppose -g + 5*g - 44 = l. What is the units digit of g?
1
Suppose 2*m - m - 3 = 0, 2*z + 2*m = 0. What is the units digit of z/(-2) + 7/14?
2
Let s = 8 - 16. Let o be 8/20 - 112/5. What is the units digit of (s/8)/(1/o)?
2
Suppose 0*x + 5*o = -2*x + 1073, -x + 537 = 3*o. What is the tens digit of x?
3
Let f(t) = -t - 4. Let q be f(-8). Suppose -q*i + 20 = i. Suppose 4*s - 2*o = 120, i*s + 2*o - 140 = -o. What is the tens digit of s?
3
Let p(h) = -3*h**3 - h**2 - 2*h - 2. Suppose k = 6*l - l + 8, k = -3*l. Let y be p(l). Suppose -4*d + 0*d + 54 = -y*z, z = d - 14. What is the units digit of d?
3
Let i(m) = m**2 + 1. Suppose 0 = -0*k + 2*k - 2*c + 6, -2*k + c = 8. What is the units digit of i(k)?
6
Suppose 21*b - 24242 = -2*b. What is the tens digit of b?
5
What is the tens digit of (208976/20)/2 + 6/(-15)?
2
Suppose 0 = -2*u + 1271 + 13. What is the tens digit of u?
4
Suppose 2*u - 695 = 273. Let t = u + -245. What is the tens digit of t?
3
Let z(d) = -13*d + 22. Let i be (-203)/14 - 3/(-2). What is the tens digit of z(i)?
9
Let x = 489 - 723. Let u = x - -399. What is the units digit of u?
5
Suppose -i - 5*m = -809 - 278, -4*i + m = -4327. What is the thousands digit of i?
1
Let p = 67 - -44. Let k = p + 4. What is the units digit of k?
5
Suppose -3*z = -37 - 212. Suppose 0 = y + 2*y - 5*l - z, 4*y = 4*l + 124. Suppose -15 = -3*j + y. What is the units digit of j?
7
Let d(a) = 239*a - 78. What is the hundreds digit of d(3)?
6
Suppose 1125 = 2*g - 3*s, -3*g + 1678 = -s + 6*s. What is the tens digit of g?
6
Suppose 0